{"id":2290,"date":"2020-10-08T14:34:57","date_gmt":"2020-10-08T12:34:57","guid":{"rendered":"https:\/\/www.vkpbratislava.sk\/?page_id=2290"},"modified":"2025-03-25T11:05:46","modified_gmt":"2025-03-25T10:05:46","slug":"starsi-ziaci","status":"publish","type":"page","link":"https:\/\/www.vkpbratislava.sk\/?page_id=2290","title":{"rendered":"Star\u0161\u00ed \u017eiaci"},"content":{"rendered":"<p><section id=\"bt_bb_section69f2d80b6b52a\" class=\"bt_bb_section bt_bb_layout_boxed_1200 bt_bb_vertical_align_top bt_bb_top_spacing_medium\" style=\"z-index: 2;\" data-bt-override-class=\"null\"><div class=\"bt_bb_port\"><div class=\"bt_bb_cell\"><div class=\"bt_bb_cell_inner\"><div class=\"bt_bb_row \"  data-bt-override-class=\"{}\"><div class=\"bt_bb_row_holder\" ><div  class=\"bt_bb_column col-xxl-12 col-xl-12 bt_bb_vertical_align_top bt_bb_align_left bt_bb_padding_normal\" style=\"; --column-width:12;\" data-width=\"12\" data-bt-override-class=\"{}\"><div class=\"bt_bb_column_content\"><div class=\"bt_bb_column_content_inner\"><div class=\"bt_bb_separator bt_bb_border_style_none bt_bb_top_spacing_normal\" data-bt-override-class=\"null\"><\/div><\/div><\/div><\/div><\/div><\/div><div class=\"bt_bb_row \"  data-bt-override-class=\"{}\"><div class=\"bt_bb_row_holder\" ><div  class=\"bt_bb_column col-xxl-12 col-xl-12 bt_bb_vertical_align_top bt_bb_align_center bt_bb_padding_normal bt_bb_animation_fade_in animate\" style=\"; --column-width:12;\" data-width=\"12\" data-bt-override-class=\"{}\"><div class=\"bt_bb_column_content\"><div class=\"bt_bb_column_content_inner\"><header class=\"bt_bb_headline bt_bb_font_weight_light bt_bb_color_scheme_5 bt_bb_dash_none bt_bb_size_normal bt_bb_align_inherit\" style=\"; --primary-color:#191919; --secondary-color:#6eadf3;\" data-bt-override-class=\"{}\"><h2 class=\"bt_bb_headline_tag\"><span class=\"bt_bb_headline_content\"><span><strong>Star\u0161\u00ed<\/strong> \u017eiaci<\/span><\/span><\/h2><\/header><div class=\"bt_bb_separator bt_bb_border_style_none bt_bb_bottom_spacing_medium\" data-bt-override-class=\"null\"><\/div><\/div><\/div><\/div><\/div><\/div><\/div><!-- cell_inner --><\/div><!-- cell --><\/div><!-- port --><\/section><section id=\"bt_bb_section69f2d80b6c4e8\" class=\"bt_bb_section bt_bb_layout_boxed_left_right_1200 bt_bb_vertical_align_top\"  data-bt-override-class=\"null\"><div class=\"bt_bb_port\"><div class=\"bt_bb_cell\"><div class=\"bt_bb_cell_inner\"><div class=\"bt_bb_row \"  data-bt-override-class=\"{}\"><div class=\"bt_bb_row_holder\" ><div  class=\"bt_bb_column col-xxl-12 col-xl-12 bt_bb_vertical_align_top bt_bb_align_left bt_bb_padding_normal\" style=\"; --column-width:12;\" data-width=\"12\" data-bt-override-class=\"{}\"><div class=\"bt_bb_column_content\"><div class=\"bt_bb_column_content_inner\"><div data-bb-version=\"5.2.5\"  class=\"bt_bb_text\" ><\/p>\n<table dir=\"ltr\" border=\"1\" cellspacing=\"0\" cellpadding=\"0\" data-sheets-root=\"1\" data-sheets-baot=\"1\">\n<colgroup>\n<col width=\"89\" \/>\n<col width=\"106\" \/><\/colgroup>\n<tbody>\n<tr>\n<td>Bel\u00e1k<\/td>\n<td>Mat\u00fa\u0161<\/td>\n<\/tr>\n<tr>\n<td>Bel\u00e1\u0148<\/td>\n<td>Martin<\/td>\n<\/tr>\n<tr>\n<td>Dobrota<\/td>\n<td>\u0160tefan<\/td>\n<\/tr>\n<tr>\n<td>Draho\u0161<\/td>\n<td>Damien<\/td>\n<\/tr>\n<tr>\n<td>filk\u00e1sz<\/td>\n<td>filip<\/td>\n<\/tr>\n<tr>\n<td>Fukna<\/td>\n<td>Ondrej<\/td>\n<\/tr>\n<tr>\n<td>Holan<\/td>\n<td>Martin<\/td>\n<\/tr>\n<tr>\n<td>Hru\u0161ovsk\u00fd<\/td>\n<td>Samuel<\/td>\n<\/tr>\n<tr>\n<td>Ch\u00e1ra<\/td>\n<td>Tade\u00e1\u0161<\/td>\n<\/tr>\n<tr>\n<td>Jan\u010do<\/td>\n<td>Marek<\/td>\n<\/tr>\n<tr>\n<td>Joanidis<\/td>\n<td>Peter<\/td>\n<\/tr>\n<tr>\n<td>Jul\u00e9ny<\/td>\n<td>Max<\/td>\n<\/tr>\n<tr>\n<td>Jung<\/td>\n<td>Tom\u00e1\u0161<\/td>\n<\/tr>\n<tr>\n<td>Kalma<\/td>\n<td>Kevin<\/td>\n<\/tr>\n<tr>\n<td>Kinik<\/td>\n<td>Alexander<\/td>\n<\/tr>\n<tr>\n<td>Kozica<\/td>\n<td>\u0160imon<\/td>\n<\/tr>\n<tr>\n<td>Landsmeer<\/td>\n<td>Thomas<\/td>\n<\/tr>\n<tr>\n<td>Me\u010d\u00edr<\/td>\n<td>Miroslav<\/td>\n<\/tr>\n<tr>\n<td>Nagy<\/td>\n<td>Henrich<\/td>\n<\/tr>\n<tr>\n<td>Nagy<\/td>\n<td>Mat\u00fa\u0161<\/td>\n<\/tr>\n<tr>\n<td>Polc\u00edk<\/td>\n<td>Maxim<\/td>\n<\/tr>\n<tr>\n<td>Rado\u0161ovsk\u00fd<\/td>\n<td>Oliver Matej<\/td>\n<\/tr>\n<tr>\n<td>Svet\u00edk<\/td>\n<td>Mat\u00fa\u0161<\/td>\n<\/tr>\n<tr>\n<td>Truba\u010d<\/td>\n<td>Jergu\u0161<\/td>\n<\/tr>\n<tr>\n<td>Vatr\u00e1l<\/td>\n<td>Matej<\/td>\n<\/tr>\n<tr>\n<td>Vrtik<\/td>\n<td>Ludek<\/td>\n<\/tr>\n<\/tbody>\n<\/table>\n<p>\n<\/div><\/div><\/div><\/div><\/div><\/div><\/div><!-- cell_inner --><\/div><!-- cell --><\/div><!-- port --><\/section><section id=\"bt_bb_section69f2d80b6cdef\" class=\"bt_bb_section bt_bb_layout_boxed_1200 bt_bb_vertical_align_top bt_bb_top_spacing_medium bt_bb_bottom_spacing_medium\"  data-bt-override-class=\"null\"><div class=\"bt_bb_port\"><div class=\"bt_bb_cell\"><div class=\"bt_bb_cell_inner\"><div class=\"bt_bb_row \"  data-bt-override-class=\"{}\"><div class=\"bt_bb_row_holder\" ><div  class=\"bt_bb_column col-xxl-12 col-xl-12 bt_bb_vertical_align_top bt_bb_align_left bt_bb_padding_normal\" style=\"; --column-width:12;\" data-width=\"12\" data-bt-override-class=\"{}\"><div class=\"bt_bb_column_content\"><div class=\"bt_bb_column_content_inner\"><\/div><\/div><\/div><\/div><\/div><\/div><!-- cell_inner --><\/div><!-- cell --><\/div><!-- port --><\/section><\/p>\n","protected":false},"excerpt":{"rendered":"<p>\t\t\t\tOxygen Soccer Club is the one of the oldest &#038; most awarded national and professional soccer club in the country.\t\t<\/p>\n","protected":false},"author":1,"featured_media":0,"parent":0,"menu_order":0,"comment_status":"closed","ping_status":"closed","template":"","meta":{"_monsterinsights_skip_tracking":false,"_monsterinsights_sitenote_active":false,"_monsterinsights_sitenote_note":"","_monsterinsights_sitenote_category":0,"footnotes":""},"class_list":["post-2290","page","type-page","status-publish","hentry"],"yoast_head":"<!-- This site is optimized with the Yoast SEO plugin v25.6 - https:\/\/yoast.com\/wordpress\/plugins\/seo\/ -->\n<title>Star\u0161\u00ed \u017eiaci - VK SLOVAN Bratislava<\/title>\n<meta name=\"robots\" content=\"index, follow, max-snippet:-1, max-image-preview:large, max-video-preview:-1\" \/>\n<link rel=\"canonical\" href=\"https:\/\/www.vkpbratislava.sk\/?page_id=2290\" \/>\n<meta property=\"og:locale\" content=\"sk_SK\" \/>\n<meta property=\"og:type\" content=\"article\" \/>\n<meta property=\"og:title\" content=\"Star\u0161\u00ed \u017eiaci - VK SLOVAN Bratislava\" \/>\n<meta property=\"og:description\" content=\"Oxygen Soccer Club is the one of the oldest &amp; most awarded national and professional soccer club in the country.\" \/>\n<meta property=\"og:url\" content=\"https:\/\/www.vkpbratislava.sk\/?page_id=2290\" \/>\n<meta property=\"og:site_name\" content=\"VK SLOVAN Bratislava\" \/>\n<meta property=\"article:modified_time\" content=\"2025-03-25T10:05:46+00:00\" \/>\n<meta name=\"twitter:card\" content=\"summary_large_image\" \/>\n<meta name=\"twitter:label1\" content=\"Predpokladan\u00fd \u010das \u010d\u00edtania\" \/>\n\t<meta name=\"twitter:data1\" content=\"1 min\u00fata\" \/>\n<script type=\"application\/ld+json\" class=\"yoast-schema-graph\">{\"@context\":\"https:\/\/schema.org\",\"@graph\":[{\"@type\":\"WebPage\",\"@id\":\"https:\/\/www.vkpbratislava.sk\/?page_id=2290\",\"url\":\"https:\/\/www.vkpbratislava.sk\/?page_id=2290\",\"name\":\"Star\u0161\u00ed \u017eiaci - VK SLOVAN Bratislava\",\"isPartOf\":{\"@id\":\"https:\/\/www.vkpbratislava.sk\/#website\"},\"datePublished\":\"2020-10-08T12:34:57+00:00\",\"dateModified\":\"2025-03-25T10:05:46+00:00\",\"breadcrumb\":{\"@id\":\"https:\/\/www.vkpbratislava.sk\/?page_id=2290#breadcrumb\"},\"inLanguage\":\"sk-SK\",\"potentialAction\":[{\"@type\":\"ReadAction\",\"target\":[\"https:\/\/www.vkpbratislava.sk\/?page_id=2290\"]}]},{\"@type\":\"BreadcrumbList\",\"@id\":\"https:\/\/www.vkpbratislava.sk\/?page_id=2290#breadcrumb\",\"itemListElement\":[{\"@type\":\"ListItem\",\"position\":1,\"name\":\"Domov\",\"item\":\"https:\/\/www.vkpbratislava.sk\/\"},{\"@type\":\"ListItem\",\"position\":2,\"name\":\"Star\u0161\u00ed \u017eiaci\"}]},{\"@type\":\"WebSite\",\"@id\":\"https:\/\/www.vkpbratislava.sk\/#website\",\"url\":\"https:\/\/www.vkpbratislava.sk\/\",\"name\":\"VK SLOVAN Bratislava\",\"description\":\"Volejbalov\u00fd klub\",\"publisher\":{\"@id\":\"https:\/\/www.vkpbratislava.sk\/#organization\"},\"potentialAction\":[{\"@type\":\"SearchAction\",\"target\":{\"@type\":\"EntryPoint\",\"urlTemplate\":\"https:\/\/www.vkpbratislava.sk\/?s={search_term_string}\"},\"query-input\":{\"@type\":\"PropertyValueSpecification\",\"valueRequired\":true,\"valueName\":\"search_term_string\"}}],\"inLanguage\":\"sk-SK\"},{\"@type\":\"Organization\",\"@id\":\"https:\/\/www.vkpbratislava.sk\/#organization\",\"name\":\"VKP Bratislava\",\"url\":\"https:\/\/www.vkpbratislava.sk\/\",\"logo\":{\"@type\":\"ImageObject\",\"inLanguage\":\"sk-SK\",\"@id\":\"https:\/\/www.vkpbratislava.sk\/#\/schema\/logo\/image\/\",\"url\":\"https:\/\/www.vkpbratislava.sk\/wp-content\/uploads\/2020\/10\/vkpBA.png\",\"contentUrl\":\"https:\/\/www.vkpbratislava.sk\/wp-content\/uploads\/2020\/10\/vkpBA.png\",\"width\":600,\"height\":600,\"caption\":\"VKP Bratislava\"},\"image\":{\"@id\":\"https:\/\/www.vkpbratislava.sk\/#\/schema\/logo\/image\/\"}}]}<\/script>\n<!-- \/ Yoast SEO plugin. -->","yoast_head_json":{"title":"Star\u0161\u00ed \u017eiaci - VK SLOVAN Bratislava","robots":{"index":"index","follow":"follow","max-snippet":"max-snippet:-1","max-image-preview":"max-image-preview:large","max-video-preview":"max-video-preview:-1"},"canonical":"https:\/\/www.vkpbratislava.sk\/?page_id=2290","og_locale":"sk_SK","og_type":"article","og_title":"Star\u0161\u00ed \u017eiaci - VK SLOVAN Bratislava","og_description":"Oxygen Soccer Club is the one of the oldest & most awarded national and professional soccer club in the country.","og_url":"https:\/\/www.vkpbratislava.sk\/?page_id=2290","og_site_name":"VK SLOVAN Bratislava","article_modified_time":"2025-03-25T10:05:46+00:00","twitter_card":"summary_large_image","twitter_misc":{"Predpokladan\u00fd \u010das \u010d\u00edtania":"1 min\u00fata"},"schema":{"@context":"https:\/\/schema.org","@graph":[{"@type":"WebPage","@id":"https:\/\/www.vkpbratislava.sk\/?page_id=2290","url":"https:\/\/www.vkpbratislava.sk\/?page_id=2290","name":"Star\u0161\u00ed \u017eiaci - VK SLOVAN Bratislava","isPartOf":{"@id":"https:\/\/www.vkpbratislava.sk\/#website"},"datePublished":"2020-10-08T12:34:57+00:00","dateModified":"2025-03-25T10:05:46+00:00","breadcrumb":{"@id":"https:\/\/www.vkpbratislava.sk\/?page_id=2290#breadcrumb"},"inLanguage":"sk-SK","potentialAction":[{"@type":"ReadAction","target":["https:\/\/www.vkpbratislava.sk\/?page_id=2290"]}]},{"@type":"BreadcrumbList","@id":"https:\/\/www.vkpbratislava.sk\/?page_id=2290#breadcrumb","itemListElement":[{"@type":"ListItem","position":1,"name":"Domov","item":"https:\/\/www.vkpbratislava.sk\/"},{"@type":"ListItem","position":2,"name":"Star\u0161\u00ed \u017eiaci"}]},{"@type":"WebSite","@id":"https:\/\/www.vkpbratislava.sk\/#website","url":"https:\/\/www.vkpbratislava.sk\/","name":"VK SLOVAN Bratislava","description":"Volejbalov\u00fd klub","publisher":{"@id":"https:\/\/www.vkpbratislava.sk\/#organization"},"potentialAction":[{"@type":"SearchAction","target":{"@type":"EntryPoint","urlTemplate":"https:\/\/www.vkpbratislava.sk\/?s={search_term_string}"},"query-input":{"@type":"PropertyValueSpecification","valueRequired":true,"valueName":"search_term_string"}}],"inLanguage":"sk-SK"},{"@type":"Organization","@id":"https:\/\/www.vkpbratislava.sk\/#organization","name":"VKP Bratislava","url":"https:\/\/www.vkpbratislava.sk\/","logo":{"@type":"ImageObject","inLanguage":"sk-SK","@id":"https:\/\/www.vkpbratislava.sk\/#\/schema\/logo\/image\/","url":"https:\/\/www.vkpbratislava.sk\/wp-content\/uploads\/2020\/10\/vkpBA.png","contentUrl":"https:\/\/www.vkpbratislava.sk\/wp-content\/uploads\/2020\/10\/vkpBA.png","width":600,"height":600,"caption":"VKP Bratislava"},"image":{"@id":"https:\/\/www.vkpbratislava.sk\/#\/schema\/logo\/image\/"}}]}},"_links":{"self":[{"href":"https:\/\/www.vkpbratislava.sk\/index.php?rest_route=\/wp\/v2\/pages\/2290","targetHints":{"allow":["GET"]}}],"collection":[{"href":"https:\/\/www.vkpbratislava.sk\/index.php?rest_route=\/wp\/v2\/pages"}],"about":[{"href":"https:\/\/www.vkpbratislava.sk\/index.php?rest_route=\/wp\/v2\/types\/page"}],"author":[{"embeddable":true,"href":"https:\/\/www.vkpbratislava.sk\/index.php?rest_route=\/wp\/v2\/users\/1"}],"replies":[{"embeddable":true,"href":"https:\/\/www.vkpbratislava.sk\/index.php?rest_route=%2Fwp%2Fv2%2Fcomments&post=2290"}],"version-history":[{"count":6,"href":"https:\/\/www.vkpbratislava.sk\/index.php?rest_route=\/wp\/v2\/pages\/2290\/revisions"}],"predecessor-version":[{"id":41456,"href":"https:\/\/www.vkpbratislava.sk\/index.php?rest_route=\/wp\/v2\/pages\/2290\/revisions\/41456"}],"wp:attachment":[{"href":"https:\/\/www.vkpbratislava.sk\/index.php?rest_route=%2Fwp%2Fv2%2Fmedia&parent=2290"}],"curies":[{"name":"wp","href":"https:\/\/api.w.org\/{rel}","templated":true}]}}